) = u**2 + 6*u + 1. Let y be c(-5). Let p = y + 8. Suppose -5*m - 3*i = 13, -4*m + p - 14 = 2*i. Let t(n) = -2*n**3 - 4*n**2 - n + 2. Determine t(m).
4
Let v(n) = -3*n + 1. Let x(g) = -g**2 + 10*g - 12. Let o be x(8). Let j(a) = 5*a - 3. Let d(w) = o*j(w) + 7*v(w). Suppose 0 = -3*f + 5*f + 8. Give d(f).
-1
Let r(m) be the first derivative of m**3/3 - m**2 + m + 7. Calculate r(2).
1
Let b(l) be the second derivative of l**3/3 - 2*l**2 + 22*l. Determine b(3).
2
Let v = -5 + 3. Let i(u) be the first derivative of -3*u**2 - 2*u - 46. What is i(v)?
10
Let i(b) be the first derivative of -b**4/4 - 4*b**3/3 + 2*b**2 - 2*b - 7. Determine i(-5).
3
Let w(i) = 5*i**2 - 21*i + 6. Let g(p) = 3*p**2 - 11*p + 3. Let z(m) = -7*g(m) + 4*w(m). Determine z(-4).
15
Let l be (-1 - -1)*-1 - 2. Let n(b) = 6*b**2 + 3*b - 2. Let g = -8 + 3. Let a(k) = -5*k**2 - 3*k + 1. Let u(o) = g*a(o) - 4*n(o). Give u(l).
1
Let d(u) = u**2 - u - 1. Let w(g) = -4*g**2 + 6*g + 5. Let y(x) = -3*d(x) - w(x). What is y(2)?
-4
Let y(d) = -2 - 2 - 2*d + 3 - d**2. Let f be (2/4)/(4/(-16)). Give y(f).
-1
Let j be 4/(-30) + 30/225. Let u(w) = -w**3 + 8. What is u(j)?
8
Let v(s) be the first derivative of -s**3/3 + s**2/2 - 29. Suppose p = -3*p - 4. Determine v(p).
-2
Suppose 2*j = 5*o - 15, -o = j + 4*o. Let n(m) = -m**2 - 2*m + 3. Give n(j).
-12
Let l(v) be the first derivative of -v**3 - v**2 - v - 1. Suppose 2*p + 0*p + 22 = 4*r, 0 = r - 5*p - 19. Suppose -1 = 5*n + r. What is l(n)?
-2
Let v(x) = x**2 - 15*x - 17. Let z be v(16). Let p(q) = 5*q + 1. Give p(z).
-4
Let h = -5 - -9. Let r(d) = -d**2 + 4*d - 3 + 0*d**2 + 6. Give r(h).
3
Let q(p) = -6*p**3 + 7*p**2 + 4*p + 1. Let d(s) = 5*s**3 - 7*s**2 - 3*s - 2. Let l(t) = -5*d(t) - 4*q(t). What is l(7)?
-1
Let l(k) be the first derivative of -k**2 - 4*k - 2. Let s(u) = -4 - 3*u**2 + 8*u**2 + u**3 - 7*u - 5. Let c be s(-6). Calculate l(c).
2
Let f = 9 - 7. Suppose -g = f - 0. Let r(s) = s**3 + s**2 + 2*s + 1. What is r(g)?
-7
Let j(y) = -y - 5. Let p(k) = k - 4 - 2 - 3*k. Let a(c) = -6*j(c) + 5*p(c). What is a(1)?
-4
Let y(r) = -r - 7. Let w(l) be the second derivative of -l**4/12 + 3*l**3/2 + 8*l**2 + 2*l. Let u be w(11). Let h = 2 + u. Determine y(h).
-3
Let c(y) = -2*y**3 + 3*y**2 - y - 1. Let w be (-1 + -4)*2/(-2). Suppose 8 = w*h - 2. Calculate c(h).
-7
Let s(p) = -3*p - 5. Let v(o) = 3*o + 5. Let y(c) = -2*s(c) - 3*v(c). Calculate y(-4).
7
Suppose -9 = 4*m + h, 4*m + 3*h + 3 = -0*m. Let a(b) = 4*b**2 - 13*b - 10. Let d(c) = c**2 - 4*c - 3. Let f(i) = -2*a(i) + 7*d(i). What is f(m)?
-4
Let p(y) = 2*y - 22. Let b be p(16). Suppose b = 2*c, c = 5*l - 3*c. Let o(d) = d**3 - 4*d**2. Determine o(l).
0
Let y(q) = -7*q**2 + q. Let m(n) = -n**3 + 9*n**2 - 7*n - 9. Let x be m(8). Determine y(x).
-8
Let h(n) = 2*n - 10*n**2 - 1 - 4*n + 9*n**2 + 2*n**3. Suppose 2 + 1 = -3*u. Determine h(u).
-2
Let k(b) = 4*b - 1. Let a(h) = 2*h. Suppose 6*f - 4 = 2*f. Let c be a(f). Let q = c + 0. Calculate k(q).
7
Suppose 4*j - 2*m - 1 + 31 = 0, 0 = 2*j - 5*m + 11. Let d(a) = 2*a**2 + 6*a + 3. Let g(h) = -5*h**2 - 18*h - 8. Let x(w) = j*d(w) - 3*g(w). Give x(5).
5
Let p(s) = s**3 - 6*s**2 + 6*s - 6. Suppose -1 = w - b, 5*w + 6 - 3 = 4*b. Suppose -2*d + 5 = -5. Let o be d - (2 - (1 + w)). Give p(o).
-1
Let j be 1/4 - (-2)/(-8). Let y(a) = -2 + j*a - 4*a + 2*a + a**2. Let m = 12 - 8. Determine y(m).
6
Suppose 2*g + 2*j + 37 = -1, 5*j - 33 = 3*g. Let y = g - -13. Let p(d) = -d**3 - 3*d**2 - d - 2. Calculate p(y).
1
Suppose 3*k + 1 = 10. Suppose 5*i = 2 + k. Let u(z) = 8*z**3 - z**2 + 1. Calculate u(i).
8
Let z(u) = u**3 + 4*u**2 - 6*u - 3. Let t(v) = v - 22. Let f be t(17). Calculate z(f).
2
Let x(d) = -20*d**3 + 8*d - 5*d**2 - 21*d**3 + 40*d**3 + 7. What is x(-6)?
-5
Let c(i) = -i - 5. Let d be c(-8). Suppose 0*m + m = -d. Let y(t) = t**3 + 3*t**2 + 3*t - 2. Give y(m).
-11
Let i(u) be the second derivative of u**3/6 + 2*u**2 + 2*u - 7. What is i(-8)?
-4
Let y(a) = -8*a - 3. Let c be y(-1). Let u(d) = -3*d + 4. Give u(c).
-11
Let g = 7 - 1. Let f(j) = -j**3 + 7*j**2 - 3*j + 9. Let k(u) = u**2 + 1. Let a(t) = g*k(t) - f(t). Let z be (3 + (-14)/6)*3. What is a(z)?
7
Let l(u) = 13*u - 1. Let y(w) = -14*w + 1. Let t(q) = -5*l(q) - 4*y(q). What is t(1)?
-8
Suppose 0 = -4*m - 12, 2*m - 2 + 12 = k. Let w(l) = l**3 - 4*l**2 - l. Let c be w(k). Let n(o) = -1 + 3 + o**2 + 1 + 4*o. Determine n(c).
3
Let a = -12 - -14. Let q(c) = 4*c**2 - c**3 - 6*c**a - 1 + c**2 + 6*c + 4*c**2. Give q(4).
7
Let d(s) = 5*s - 2. Let a be (1 - (-1)/1) + 3. Suppose 4*k - 18 = -2*r, a*k - 4 - 26 = -4*r. Determine d(k).
8
Let i(d) be the second derivative of -4*d - 1/12*d**4 + 0 - 1/2*d**2 + 1/2*d**3. Suppose -3*p + 1 = w, 3*p = -3 - 0. Calculate i(w).
-5
Let n(q) be the first derivative of -1/24*q**4 + 0*q**2 - 1/120*q**6 + 1/3*q**3 + 0*q + 2 + 1/120*q**5. Let g(v) be the third derivative of n(v). What is g(1)?
-3
Let r(a) = -2*a - 4. Suppose -f + 3*f = 6. Let b = f - 6. Calculate r(b).
2
Let k be 1*-8 - (-7 - -3). Let l(c) = -c**2 - 4*c - 2. Calculate l(k).
-2
Let g(u) = u**3 + 4*u**2 - u + 1. Suppose 3*k = -k + 4. Let m be 0/2 + -5 + k. Give g(m).
5
Suppose 10 = 5*s - 10. Let n(m) be the third derivative of -1/60*m**5 + 0*m**3 + 0 + 0*m + 1/8*m**4 - 2*m**2. Give n(s).
-4
Let y be (-20)/6*(-3)/2. Let u(f) = -f**2 + 2*f. Let x(s) = -s**2 - 2*s + 5. Let p(i) = 3*u(i) - x(i). What is p(y)?
-15
Let f(x) = -x**3 + x. Suppose -3*s - 6 = -2*h - 14, 2 = -3*h + 2*s. Calculate f(h).
-6
Let t = 1 - -2. Let j(v) = -v**3 - v**2 - 2*v**t + 5*v**3. Suppose -2 = -5*f - 22, 2*f + 6 = -2*b. Give j(b).
1
Suppose 0 = 3*o - 9*o. Let g(j) be the third derivative of 1/20*j**5 - j**2 - 2/3*j**3 + 1/120*j**6 - 1/24*j**4 + o + 0*j. Calculate g(-3).
-1
Let y(b) be the third derivative of 0*b + 0 - 9*b**2 + 1/4*b**4 + b**3 + 1/60*b**5. Calculate y(-4).
-2
Let c(r) = 0*r - 2*r**2 + r**2 + 1 + 0*r - 2*r. What is c(-2)?
1
Let s = 19 + -17. Let p(h) = 15*h**3 - 14*h**3 - s*h + 2*h**2 - 3*h**2. Give p(-2).
-8
Let i(x) = x**3 - x. Let v(t) = 3*t + 1. Let s be v(-2). Let o(y) = -y - 6. Let w be o(s). Let b = -1 + w. Calculate i(b).
-6
Let x(i) = -i**2 + 4*i + 1. Suppose 7 = 5*b - v, -b + 6*v = 3*v + 7. Suppose -4*f = 4*a - 4, -24 = -b*a - 2*a + f. Give x(a).
-4
Let d be 27/(-4) + 1/(-4). Let w = 6 + d. Let o(j) be the first derivative of 7*j**2/2 + j - 2. What is o(w)?
-6
Suppose x = -4 - 1. Suppose -5*f + 3*o + 0*o + 4 = 0, 3*f - o = 4. Let t(i) = i**3 - i**2 + 5 + f*i**2 + 6*i + 5*i**2. Calculate t(x).
0
Let k(z) = -z**3 - 3*z + 7. Let w(a) = 3*a**3 + 7*a - 15. Let r(p) = 5*k(p) + 2*w(p). What is r(0)?
5
Let a(g) = -g**2 - 3*g + 6. Let x = -13 + 8. Let i be a(x). Let r(y) = y + 2 + 3 + 0. Give r(i).
1
Suppose -19 = 5*v + 11. Let d(z) = z**3 + 5*z**2 - 8*z - 7. What is d(v)?
5
Let i(z) be the first derivative of z**2/2 + 3*z - 1. Let x be (4/(-2))/(4/6). Let q = -5 - x. What is i(q)?
1
Suppose -2*l + l - 25 = -3*r, -5*r = -3*l - 47. Let s(y) = -y**2 + 6*y + 4. Let z be s(r). Let m(j) = -j**2 - 6*j - 1. Calculate m(z).
8
Let t(l) = -l**2 + l. Let g(z) = -3*z**2 + 11*z - 9. Let a(f) = -g(f) + 2*t(f). Determine a(8).
1
Let l(f) = -1 - f - 4 - 8. Let k = -345 - -339. Determine l(k).
-7
Let m(t) = 5*t + 2 - 2*t - t**2 - 2. Let n(r) = -r + 6. Let j be n(6). Let l be 1/(j + -1) + 5. Give m(l).
-4
Let g(i) = i**2 - 11*i. Suppose 0 = -4*y + w - 0*w + 47, -3*y + 21 = 4*w. What is g(y)?
0
Let w = -10 - -13. Let o be (-10)/8 + w/12. Let x(u) = -9*u**2 + u + 1. Calculate x(o).
-9
Let m(r) = -r**2 + 4*r + 5. Let v be m(4). Let n(z) be the second derivative of -z**4/12 + z**3/2 + 2*z**2 + 2*z. Determine n(v).
-6
Let j = 619 - 622. Let c(m) = -m**3 - 3*m**2 + m + 9. Let g(y) = -y**3 - 3*y**2 + y + 8. Let q(z) = -5*c(z) + 6*g(z). Determine q(j).
0
Let q(v) = 2*v + 0 + 1 - 2. Suppose 19 = 4*p - 5. Determine q(p).
11
Suppose 0*v + v + 2 = 0. Let w(j) = -4*j + 2. Calculate w(v).
10
Let t(o) = -2*o**3 + o**2 - 2*o + 4. Let j(y) = -5*y**3 + y**2 - 4*y + 8. Let b(d) = -3*j(d) + 7*t(d). What is b(-4)?
12
Let g = -5 + 8. Let r(m) = -1 + 3*m - 3*m + g*m**2. What is r(1)?
2
Let a(o) = -3*o**2 + o - 1. Let s = -15 + 18. Suppose -s*l = 0, -k - 5*l + 5 = 4*k. Calculate a(k).
-3
Let h(x) = -x**3 - 6*x**2 + 10*x + 1. Let s(j) = -j**2 - 10*j + 17. Let u be s(